s 4027057297 prime?
False
Is 983869853 a prime number?
True
Is 9722795813 prime?
True
Is 7095371737 a composite number?
False
Is 490383709 prime?
False
Is 44161801331 a composite number?
False
Is 564734993 prime?
False
Is 194764649407 a prime number?
True
Is 2766978197 composite?
False
Is 3906289909 prime?
True
Is 2433858863 a prime number?
True
Is 24278345029 composite?
False
Is 1705152983 prime?
True
Is 131511137 a prime number?
True
Is 12554401109 prime?
False
Is 1650443371 prime?
True
Is 3645012851 composite?
False
Is 3335673017 prime?
False
Is 111662837719 a prime number?
True
Is 61147700191 prime?
True
Is 485587849 prime?
False
Is 15863045897 a composite number?
False
Is 398260621 prime?
False
Is 23718651637 a prime number?
False
Is 4119213113 a composite number?
True
Is 187976702 composite?
True
Is 52547522297 prime?
True
Is 60039667 prime?
False
Is 507105523 prime?
False
Is 772642891 composite?
True
Is 2715138991 a composite number?
False
Is 776365173421 composite?
True
Is 972966631205 a composite number?
True
Is 16235654783 a prime number?
False
Is 1936325221 composite?
True
Is 25975267 prime?
True
Is 1041506303 composite?
True
Is 122791006411 a composite number?
True
Is 824652029 a prime number?
False
Is 574312127 a composite number?
False
Is 9399363331 a composite number?
True
Is 13088289853 prime?
True
Is 38280829933 composite?
True
Is 6938677799 composite?
False
Is 585866551 a composite number?
True
Is 54158413147 a composite number?
True
Is 11258567617 composite?
True
Is 628901263 prime?
False
Is 24015545417 prime?
True
Is 26139111113 composite?
True
Is 22995626545 composite?
True
Is 178467803 composite?
True
Is 339596533 composite?
True
Is 17859533711 composite?
False
Is 1450378 prime?
False
Is 738891523 a prime number?
True
Is 41456772403 composite?
True
Is 2856684097 prime?
False
Is 10330994071 a prime number?
False
Is 44368496287 prime?
True
Is 1626025711 a composite number?
False
Is 9004181943 a composite number?
True
Is 3611057663 composite?
False
Is 10536464773 a composite number?
False
Is 5051411797 a prime number?
True
Is 557661661 composite?
False
Is 68982929 prime?
False
Is 9967449131 prime?
True
Is 268525559 composite?
True
Is 24358357649 a prime number?
True
Is 11994824939 composite?
False
Is 58542186667 a prime number?
True
Is 2335421323 prime?
False
Is 4514714407 a prime number?
False
Is 21931421606 a prime number?
False
Is 88545599123 composite?
False
Is 32683221491 a prime number?
True
Is 4786608863 prime?
False
Is 15276973793 composite?
False
Is 261102649 a composite number?
False
Is 10784853229 prime?
False
Is 13735074553 a prime number?
True
Is 1988923171 composite?
False
Is 15813266243 a composite number?
True
Is 506515123 prime?
True
Is 257531143 a composite number?
False
Is 8376551 a prime number?
True
Is 384623501 a prime number?
False
Is 4018289603 prime?
False
Is 4434681169 prime?
True
Is 2937174571 a prime number?
True
Is 7277849081 a composite number?
False
Is 3470921351 a prime number?
True
Is 16014310469 prime?
False
Is 97291502383 a prime number?
False
Is 125252489839 a composite number?
True
Is 4246950947 prime?
True
Is 1057634857 composite?
True
Is 3192145153 composite?
False
Is 431295191 a prime number?
False
Is 15689095514 composite?
True
Is 1581099983 a prime number?
False
Is 34323461933 composite?
False
Is 2251917731 composite?
True
Is 614219273 prime?
False
Is 36636928937 a prime number?
False
Is 3138220262 a prime number?
False
Is 3221071761 a composite number?
True
Is 182151780593 prime?
True
Is 15358778263 composite?
False
Is 4057771007 a composite number?
False
Is 1192967429 composite?
False
Is 5570490985 composite?
True
Is 2891937181 a prime number?
False
Is 2352466537 composite?
True
Is 3256913713 a composite number?
False
Is 5597053491 composite?
True
Is 697792891 composite?
False
Is 7844021363 prime?
False
Is 18644215939 prime?
True
Is 120652870009 a composite number?
True
Is 250864731583 a composite number?
False
Is 10587783469 composite?
False
Is 1463881817 a prime number?
True
Is 327016727 prime?
True
Is 1592872529 prime?
True
Is 4231102013 a composite number?
False
Is 61398743099 prime?
False
Is 55892000191 composite?
False
Is 7058859463 composite?
True
Is 106523695321 composite?
False
Is 17358617389 prime?
True
Is 114247711 prime?
True
Is 3540175333 a prime number?
False
Is 9771936271 composite?
True
Is 12601383863 prime?
False
Is 732098603 a prime number?
False
Is 7742029079 a composite number?
False
Is 2821422143 a prime number?
True
Is 1093915243 prime?
True
Is 30132390971 prime?
True
Is 2736030623 a composite number?
True
Is 591942259 a prime number?
False
Is 1014556097 a composite number?
True
Is 874801911 prime?
False
Is 4961058461 a prime number?
True
Is 11236445413 prime?
True
Is 54058613761 a prime number?
True
Is 60332506369 prime?
True
Is 41472772277 a composite number?
False
Is 23067405431 composite?
True
Is 6161792459 a prime number?
True
Is 1171667533 a composite number?
False
Is 4316168599 composite?
False
Is 135803071 prime?
True
Is 540368177 composite?
True
Is 29192515003 prime?
True
Is 15327384887 a composite number?
False
Is 12931074959 a composite number?
True
Is 786576407 a composite number?
True
Is 2060848807 prime?
True
Is 79598006957 a composite number?
True
Is 14558969441 a prime number?
False
Is 11383559837 a composite number?
True
Is 1795529227 a composite number?
False
Is 2111516893 a composite number?
True
Is 31433174681 a composite number?
False
Is 183390617 a composite number?
True
Is 67053534883 a composite number?
False
Is 554137039 a composite number?
True
Is 3424479781 composite?
True
Is 42380048573 a prime number?
True
Is 3128434517 prime?
False
Is 16820726822 composite?
True
Is 7516900999 a composite number?
True
Is 13096175654 a prime number?
False
Is 504830587 composite?
False
Is 314082073 a composite number?
True
Is 1572594209 a prime number?
True
Is 499725397 composite?
True
Is 220841197 prime?
False
Is 10485759211 prime?
True
Is 1055859487 a prime number?
True
Is 8714260705 composite?
True
Is 592202041 a prime number?
True
Is 602130733 a prime number?
True
Is 1347246253 prime?
True
Is 2815965791 a composite number?
False
Is 91276418531 prime?
True
Is 10218938819 a prime number?
True
Is 15798457021 composite?
True
Is 2237189659 prime?
False
Is 41712397613 composite?
True
Is 15279680477 a composite number?
False
Is 29503485127 a prime number?
False
Is 14454133003 prime?
True
Is 479007467 prime?
False
Is 2495015753 a composite number?
False
Is 856130797 prime?
False
Is 99139797429 prime?
False
Is 163566547 a composite number?
True
Is 5302615919 a prime number?
True
Is 4920897797 a composite number?
False
Is 8443308437 a composite number?
True
Is 177393263477 composite?
False
Is 570715867 composite?
False
Is 210579913451 a composite number?
False
Is 258973447 a prime number?
False
Is 55280828209 a prime number?
False
Is 1553043407 composite?
False
Is 632905601 a prime number?
False
Is 987458783 composite?
False
Is 59447761759 prime?
True
Is 4327918457 a composite number?
False
Is 4595989201 a prime number?
False
Is 9137961923 prime?
True
Is 14031401 a composite number?
False
Is 1056275342 prime?
False
Is 29277419 a prime number?
False
Is 1980646211 prime?
False
Is 5021560757 a prime number?
False
Is 9228214783 a composite number?
True
Is 636486101 a prime number?
True
Is 379427969 a prime number?
False
Is 5414659231 composite?
False
Is 3626356981 a composite number?
True
Is 11290333163 a prime number?
True
Is 45349304687 a prime number?
True
Is 4356864181 composite?
False
Is 6410355881 a composite number?
True
Is 1872726481 composite?
False
Is 24474212869 composite?
False
Is 32056028153 a prime number?
False
Is 530618449 prime?
False
Is 140310567797 composite?
True
Is 120029491531 a composite number?
True
Is 749025571 prime?
False
Is 293282843 composite?
True
Is 21486082171 composite?
True
Is 5468984887 composite?
True
Is 1016410019 a composite number?
False
Is 86516494 a prime number?
False
Is 6290308993 prime?
True
Is 202596271 composite?
False
Is 49700830877 prime?
True
Is 316616944133 composite?
True
Is 793119317 a composite number?
True
Is 38379818447 prime?
True
Is 154330973 a prime number?
True
Is 9220379149 a prime number?
True
I